35
Let v(u) = 33710*u - 134773. Give v(4).
67
Let n(d) = -599*d + 130889. Calculate n(219).
-292
Let z(x) = 39*x + 2213. Calculate z(-61).
-166
Let y(k) = -50680*k + 911290. Determine y(18).
-950
Let t(u) = 549*u**3 - 3*u**2 - 696*u + 699. Determine t(1).
549
Let c(q) = -8*q**3 - 587*q**2 + 2221*q - 774. Give c(-77).
150
Let d(c) = -2*c**3 - 63*c**2 + 2535*c - 695. Calculate d(23).
-51
Let t(z) = -1732*z + 128165. Give t(74).
-3
Let m(t) = 1335*t - 20040. Calculate m(15).
-15
Let a(j) = 52499*j + 577507. Calculate a(-11).
18
Let k(m) = -m**3 + 82*m**2 - 633*m - 1616. What is k(73)?
136
Let o(k) = 32*k**3 + 8*k**2 + 105*k + 297. Calculate o(-3).
-810
Let z(d) = 10*d**3 + 113*d**2 + 140*d + 33. Determine z(-10).
-67
Let j(q) = q**3 - 62*q**2 - 960*q + 49743. Calculate j(65).
18
Let o(m) = m**3 + 7*m**2 - 44*m - 82. Calculate o(-14).
-838
Let k(g) = -3*g**3 - 28*g**2 + 358*g + 31. Determine k(-13).
-2764
Let a(v) = v**2 + 44*v + 70. Determine a(-17).
-389
Let j(u) = -236*u + 2510. Calculate j(11).
-86
Let l(z) = 2*z**2 - 170*z + 1232. Determine l(7).
140
Let j(s) = 10*s**2 + 84388*s + 421710. Determine j(-5).
20
Let a(r) = -6*r**3 - 17*r**2 + 60*r - 322. Calculate a(-6).
2
Let n(c) = -4*c**3 + 197*c**2 - 38*c - 81. Give n(49).
458
Let d(p) = -3*p**2 + 374*p - 11886. Calculate d(53).
-491
Let i(a) = a**3 - 55*a**2 + 656*a + 1540. Give i(35).
0
Let y(v) = 2197*v + 393352. Determine y(-179).
89
Let j(z) = -z**2 + 195463*z - 2345382. Calculate j(12).
30
Let o(j) = j**3 + 108*j**2 - 97*j + 39356. Give o(-112).
44
Let a(q) = 2*q**3 + 110*q**2 + 445*q - 140. Determine a(-51).
-2027
Let y(z) = 2137*z + 14920. Calculate y(-7).
-39
Let p(w) = 105*w**2 - 505*w - 85. Give p(5).
15
Let m(t) = 574256*t + 4019767. Give m(-7).
-25
Let x(j) = 363763*j - 20006969. What is x(55)?
-4
Let a(b) = 2*b**3 - 1583*b**2 - 1313066*b + 2028. Give a(-506).
4
Let r(o) = -298*o**2 + 2677*o + 98. Calculate r(9).
53
Let u(d) = -3*d**2 + 1893*d - 9421. Determine u(5).
-31
Let v(g) = 2*g**2 + 194*g + 2003. What is v(-87)?
263
Let j(v) = v**2 - 1411*v + 473249. Determine j(549).
11
Let k(v) = 2*v**2 + 413*v + 20880. Determine k(-89).
-35
Let a(x) = -x**3 - 3*x**2 + 1483*x - 18193. Calculate a(15).
2
Let o(j) = 13*j**2 + 971*j + 10342. Determine o(-11).
1234
Let c(m) = -19*m**2 - 1775*m + 179004. Give c(61).
30
Let v(x) = -1259*x - 33992. Calculate v(-27).
1
Let f(q) = -q**3 + 10*q - 7. Calculate f(10).
-907
Let g(o) = 43877*o - 351022. What is g(8)?
-6
Let j(p) = -2*p**3 + 631*p**2 + 30836*p + 197. Calculate j(-43).
-18
Let j(v) = -v**2 + 87679*v + 438417. Determine j(-5).
-3
Let v(n) = -7*n**2 - 511*n + 70062. Calculate v(70).
-8
Let w(d) = -d**3 - 810*d**2 - 504*d - 408222. Determine w(-810).
18
Let k(b) = 25*b**2 - 9408*b + 3032. Determine k(376).
24
Let t(s) = -12*s**3 - 492*s**2 + 1525*s - 2585. Give t(-44).
11
Let l(t) = -364*t + 2006. Calculate l(8).
-906
Let m(y) = -996*y + 25614. Determine m(25).
714
Let k(t) = t**2 - 566*t + 2259. What is k(4)?
11
Let w(m) = -6*m**2 + 1445*m - 77058. What is w(161)?
61
Let m(p) = p**3 - 67*p**2 + 394*p - 17113. What is m(65)?
47
Let o(i) = -2*i**3 + 39*i**2 + 299*i - 4993. Calculate o(21).
-37
Let n(v) = v**2 + 195001*v - 975040. What is n(5)?
-10
Let a(u) = -387*u**2 - 327397*u + 4234. Calculate a(-846).
4
Let c(z) = 142384*z + 1139078. Determine c(-8).
6
Let w(u) = -556*u - 6532. Determine w(-13).
696
Let v(l) = 2*l**3 + 12*l**2 + 18311*l + 73128. Calculate v(-4).
-52
Let v(w) = -2*w**3 + 27*w**2 - 7354*w + 118948. What is v(16)?
4
Let a(o) = 547*o - 958. Determine a(4).
1230
Let g(z) = -261*z - 4725. Calculate g(-20).
495
Let c(a) = 136584*a - 1229255. Give c(9).
1
Let w(o) = -499*o**3 + 194*o**2 + 353*o - 60. Determine w(-2).
4002
Let t(g) = 2*g**2 + 128*g - 3549. What is t(-85)?
21
Let b(k) = k**3 + 33121*k**2 + 33108*k - 13. Determine b(-1).
-1
Let y(u) = 53*u**3 - 1688*u**2 + 6737*u + 5. What is y(4)?
3337
Let x(v) = -2*v**3 - 138*v**2 - 85*v + 3453. Calculate x(-68).
-15
Let l(v) = 12*v**3 + 370*v**2 + 644*v + 194. What is l(-29)?
20
Let k(o) = 43331*o - 3293153. Calculate k(76).
3
Let p(o) = -2*o**2 - 1702*o + 24016. Calculate p(14).
-204
Let f(t) = 5*t**2 + 597*t + 934. Calculate f(-116).
-1038
Let m(h) = -2640*h**2 + 12*h - 11. What is m(1)?
-2639
Let f(d) = 713*d + 73951. What is f(-105)?
-914
Let a(m) = 92542*m + 185086. Give a(-2).
2
Let l(r) = -8*r**2 + 1808*r - 76169. Give l(56).
-9
Let c(r) = 18*r**2 - 2211*r - 3206. Determine c(124).
-602
Let c(z) = -133*z**2 - 475*z - 39. Calculate c(-8).
-4751
Let h(g) = -358*g**2 + 118*g + 232. Give h(-2).
-1436
Let h(o) = 1343*o**2 - 18796*o - 142. What is h(14)?
-58
Let q(u) = 64*u**3 - 449*u**2 + u + 48. Calculate q(7).
6
Let o(a) = -a**3 - 11*a**2 + 42*a + 51. Give o(-12).
-309
Let w(d) = d**3 - 166*d**2 + 4945*d - 220. What is w(127)?
-1236
Let u(m) = -589413*m + 7662361. Determine u(13).
-8
Let u(c) = 280*c**3 - 8*c**2 - 58*c - 109. What is u(-2)?
-2265
Let p(z) = -3538*z + 1050696. Calculate p(297).
-90
Let g(p) = p**2 + 233*p - 53788. Determine g(143).
-20
Let a(t) = -22*t**3 + 3908*t**2 + 1423*t + 130. Determine a(178).
-48
Let o(v) = 2*v**2 + 441*v + 19144. Give o(-161).
-15
Let c(b) = 44*b**2 - 3201*b - 63663. What is c(89)?
-28
Let a(f) = 8604*f + 4052462. Calculate a(-471).
-22
Let y(p) = -1971*p + 15473. What is y(7)?
1676
Let b(j) = 12697*j + 12092. What is b(-1)?
-605
Let n(a) = 6814*a + 545116. Calculate n(-80).
-4
Let m(o) = o**3 + 117*o**2 + 4302*o + 540250. Determine m(-119).
-10
Let l(a) = 8*a**2 - 5752*a - 34827. Calculate l(-6).
-27
Let w(f) = f**3 + 176*f**2 + 1876*f - 1111. What is w(-12)?
-7
Let m(t) = -t**2 + 11365*t + 226731. Calculate m(-20).
-969
Let g(f) = -97*f - 6692. Give g(-66).
-290
Let q(u) = -18*u**2 + 151850*u - 151844. Determine q(1).
-12
Let k(y) = -128*y - 12715. What is k(-99)?
-43
Let a(n) = -3938*n**2 + 64*n + 15. What is a(0)?
15
Let u(x) = 50*x**3 - 31*x**2 - 118*x - 10. Determine u(-3).
-1285
Let o(y) = 103943*y + 311833. Determine o(-3).
4
Let u(n) = -6*n**3 + 10*n**2 + 245*n - 533. Calculate u(2).
-51
Let v(a) = -a**3 + 106*a**2 - 103*a + 179. Determine v(105).
389
Let t(n) = n**3 - 83*n**2 + 271*n + 3573. What is t(79)?
18
Let t(l) = 43*l**2 + 5495*l - 107298. What is t(-145)?
2
Let l(k) = -659*k + 348607. Calculate l(529).
-4
Let r(j) = 2049*j**2 + 24595*j + 85. Determine r(-12).
1
Let z(v) = 24*v**2 - 1597*v + 33. Calculate z(67).
770
Let n(z) = -74*z**2 - 2675*z + 2302. What is n(-37)?
-29
Let y(z) = -15*z**2 - 241*z + 57. Determine y(-17).
-181
Let c(y) = -2*y**3 + 26*y**2 + 398*y - 4571. What is c(10)?
9
Let z(q) = 5*q**3 + 1300*q**2 - 2588*q + 8381. Give z(-262).
-3
Let f(a) = -a**3 - 616*a**2 - 2674*a - 138316. Give f(-612).
-4
Let a(y) = 278*y + 6676. Determine a(-24).
4
Let p(i) = -35*i**2 - 71*i - 161. Calculate p(-4).
-437
Let o(p) = -p**3 + 395*p**2 + 4*p - 1583. Give o(395).
-3
Let z(u) = u**2 - 3263*u + 1632583. What is z(617)?
1
Let o(n) = -73*n**3 - 241*n**2 + 220*n + 20. What is o(1)?
-74
Let y(j) = 21*j**3 + 444*j**2 + 62*j + 9. Calculate y(-21).
30
Let j(t) = 7*t**2 - 74*t - 50. Give j(-10).
1390
Let p(m) = 2582*m - 268613. What is p(104)?
-85
Let f(d) = -d**3 + 18*d**2 + 288*d - 4727. What is f(18)?
457
Let v(y) = -142*y + 35150. Give v(246).
218
Let r(a) = -a**3 - 67*a**2 + 1855*a - 9174. Give r(-89).
-7
Let k(l) = l**3 + 45*l**2 + 211*l - 25. What is k(-8)?
655
Let k(b) = 3*b**3 - 307*b**2 - 210*b + 150. Give k(103).
-262
Let q(t) = 1721*t - 151237. Determine q(88).
211
Let k(x) = -14*x**2 - 1804*x - 18147. Give k(-11).
3
Let i(h) = -16*h**3 - 948*h**2 + 954*h - 6. Give i(1).
-16
Let v(i) = -3*i**3 + 177*i**2 + 183*i - 174. Determine v(60).
6
Let i(n) = -18*n**2 + 35*n + 2572. What is i(-11)?
9
Let t(b) = -4*b**3 - 56*b**2 - 100*b + 340. Determine t(-11).
-12
Let a(m) = m**2 + 18463*m + 110780. Calculate a(-6).
38
Let k(f) = 7269*f + 13876. Give k(-2).
-662
Let w(k) = 2*k**2 + 348*k + 9723. What is w(-35)?
-7
Let w(g) = 7*g**3 + 63*g**2 + 15*g + 85. Calculate w(-9).
-50
Let m(l) = -449585*l - 2697497. What is m(-6)?
13
Let x(a) = -a**2 - 93*a - 1126. What is x(-56)?
946
Let g(x) = -x**3 - 199*x**2 - 976*x - 1274. Calculate g(-194).
-110
Let w(z) = 19*z**2 + 32*z - 6270. Calculate w(-19).
-19
Let z(p) = -p**2 